{"id":21,"date":"2020-09-06T15:35:39","date_gmt":"2020-09-06T15:35:39","guid":{"rendered":"http:\/\/www.coredevelopment.ro\/?page_id=21"},"modified":"2020-10-13T13:51:59","modified_gmt":"2020-10-13T13:51:59","slug":"proiecte","status":"publish","type":"page","link":"https:\/\/www.coredevelopment.ro\/index.php\/proiecte\/","title":{"rendered":"Proiecte"},"content":{"rendered":"<p>[et_pb_section fb_built=&#8221;1&#8243; admin_label=&#8221;3 Cards Features&#8221; _builder_version=&#8221;4.6.1&#8243; background_color=&#8221;#ffffff&#8221; custom_margin=&#8221;||-2px|||&#8221; custom_padding=&#8221;100px|0px|112px|0px||&#8221;][et_pb_row column_structure=&#8221;1_2,1_2&#8243; admin_label=&#8221;Sending Payments&#8221; _builder_version=&#8221;3.25&#8243; custom_margin=&#8221;|||&#8221;][et_pb_column type=&#8221;1_2&#8243; _builder_version=&#8221;3.25&#8243; custom_padding=&#8221;|||&#8221; custom_padding__hover=&#8221;|||&#8221;][et_pb_image src=&#8221;https:\/\/www.coredevelopment.ro\/wp-content\/uploads\/2020\/09\/cropped-fav256-1.png&#8221; title_text=&#8221;cropped-fav256&#8243; align=&#8221;center&#8221; align_tablet=&#8221;center&#8221; align_phone=&#8221;&#8221; align_last_edited=&#8221;on|desktop&#8221; _builder_version=&#8221;4.6.1&#8243; animation_style=&#8221;slide&#8221; animation_direction=&#8221;bottom&#8221; animation_intensity_slide=&#8221;10%&#8221;][\/et_pb_image][\/et_pb_column][et_pb_column type=&#8221;1_2&#8243; _builder_version=&#8221;3.25&#8243; custom_padding=&#8221;|||&#8221; custom_padding__hover=&#8221;|||&#8221;][et_pb_text _builder_version=&#8221;4.6.1&#8243; text_font=&#8221;Poppins||||||||&#8221; text_text_color=&#8221;#0c71c3&#8243; text_font_size=&#8221;15px&#8221; text_line_height=&#8221;1.8em&#8221; header_font=&#8221;Poppins||||||||&#8221; header_2_font=&#8221;Poppins|500|||||||&#8221; header_2_text_color=&#8221;#e09900&#8243; header_2_font_size=&#8221;34px&#8221; header_2_line_height=&#8221;1.3em&#8221; header_3_font=&#8221;||||||||&#8221; header_4_font=&#8221;||||||||&#8221;]<\/p>\n<h2><\/h2>\n<p>Te punem \u00een leg\u0103tur\u0103 cu partenerii no\u0219tri: Dezvoltatori\/Chiria\u0219i; Furnizori de servicii \u0219i instala\u021bii\/beneficiari.<\/p>\n<p>\u00ce\u021bi asigur\u0103m cele mai bune oferte pentru business-ul t\u0103ul!<\/p>\n<p>De ce nu \u00eencepi chiar ast\u0103zi?<\/p>\n<p>[\/et_pb_text][et_pb_button button_url=&#8221;https:\/\/www.coredevelopment.ro\/index.php\/contact\/&#8221; button_text=&#8221;CONTACT&#8221; _builder_version=&#8221;4.6.1&#8243; custom_button=&#8221;on&#8221; button_text_size=&#8221;18px&#8221; button_text_color=&#8221;#ffffff&#8221; button_bg_color=&#8221;#e09900&#8243; button_border_color=&#8221;#e09900&#8243; button_border_radius=&#8221;100px&#8221; button_letter_spacing=&#8221;3px&#8221; button_font=&#8221;Poppins|700|||||||&#8221; button_use_icon=&#8221;off&#8221; custom_margin=&#8221;|||&#8221; custom_padding=&#8221;10px|30px|10px|30px&#8221; button_text_shadow_style=&#8221;preset3&#8243; button_text_shadow_color=&#8221;#0c71c3&#8243; box_shadow_style=&#8221;preset3&#8243; box_shadow_vertical=&#8221;8px&#8221; box_shadow_blur=&#8221;35px&#8221; box_shadow_color=&#8221;rgba(77,170,242,0.36)&#8221; locked=&#8221;off&#8221; button_text_size__hover_enabled=&#8221;off&#8221; button_one_text_size__hover_enabled=&#8221;off&#8221; button_two_text_size__hover_enabled=&#8221;off&#8221; button_text_color__hover_enabled=&#8221;off&#8221; button_one_text_color__hover_enabled=&#8221;off&#8221; button_two_text_color__hover_enabled=&#8221;off&#8221; button_border_width__hover_enabled=&#8221;off&#8221; button_one_border_width__hover_enabled=&#8221;off&#8221; button_two_border_width__hover_enabled=&#8221;off&#8221; button_border_color__hover_enabled=&#8221;off&#8221; button_one_border_color__hover_enabled=&#8221;off&#8221; button_two_border_color__hover_enabled=&#8221;off&#8221; button_border_radius__hover_enabled=&#8221;off&#8221; button_one_border_radius__hover_enabled=&#8221;off&#8221; button_two_border_radius__hover_enabled=&#8221;off&#8221; button_letter_spacing__hover_enabled=&#8221;off&#8221; button_one_letter_spacing__hover_enabled=&#8221;off&#8221; button_two_letter_spacing__hover_enabled=&#8221;off&#8221; button_bg_color__hover_enabled=&#8221;off&#8221; button_one_bg_color__hover_enabled=&#8221;off&#8221; button_two_bg_color__hover_enabled=&#8221;off&#8221;][\/et_pb_button][\/et_pb_column][\/et_pb_row][et_pb_row _builder_version=&#8221;4.6.1&#8243; _module_preset=&#8221;default&#8221;][et_pb_column type=&#8221;4_4&#8243; _builder_version=&#8221;4.6.1&#8243; _module_preset=&#8221;default&#8221;][et_pb_text _builder_version=&#8221;4.6.1&#8243; _module_preset=&#8221;default&#8221; text_font=&#8221;Montserrat|||||on|||&#8221; text_text_color=&#8221;#e09900&#8243; text_font_size=&#8221;37px&#8221; text_text_shadow_style=&#8221;preset2&#8243;]<\/p>\n<p>Proiecte Finalizate<\/p>\n<p>[\/et_pb_text][et_pb_text _builder_version=&#8221;4.6.1&#8243; _module_preset=&#8221;default&#8221; text_font=&#8221;Poppins||||||||&#8221; text_text_color=&#8221;#0c71c3&#8243; text_font_size=&#8221;23px&#8221; text_orientation=&#8221;center&#8221;]<\/p>\n<p>\u221a Complex Comercial Muntenia Targoviste<\/p>\n<p>[\/et_pb_text][et_pb_text _builder_version=&#8221;4.6.1&#8243; _module_preset=&#8221;default&#8221; text_font=&#8221;Poppins||||||||&#8221; text_text_color=&#8221;#e09900&#8243; text_font_size=&#8221;16px&#8221; text_orientation=&#8221;center&#8221;]<\/p>\n<p><span>Peste 7800 mp de comer\u021b modern \u00een centrul ora\u0219ului.Mix comercial bogat, facilit\u0103\u021bi multiple te a\u0219teapt\u0103 \u0219i pe tine.Rezerv\u0103 un spa\u021biu chiar acum \u00eentre 80 &#8211; 2800 mp!<\/span><\/p>\n<p>[\/et_pb_text][\/et_pb_column][\/et_pb_row][et_pb_row column_structure=&#8221;1_4,1_4,1_4,1_4&#8243; use_custom_gutter=&#8221;on&#8221; gutter_width=&#8221;1&#8243; make_equal=&#8221;on&#8221; admin_label=&#8221;Gallery&#8221; module_class=&#8221; et_pb_row_fullwidth&#8221; _builder_version=&#8221;3.25&#8243; width=&#8221;100%&#8221; width_tablet=&#8221;100%&#8221; width_phone=&#8221;&#8221; width_last_edited=&#8221;on|desktop&#8221; max_width=&#8221;100%&#8221; max_width_tablet=&#8221;100%&#8221; max_width_phone=&#8221;&#8221; max_width_last_edited=&#8221;on|desktop&#8221; custom_margin=&#8221;|auto|-37px|auto||&#8221; custom_padding=&#8221;0px||1px|||&#8221; make_fullwidth=&#8221;on&#8221;][et_pb_column type=&#8221;1_4&#8243; _builder_version=&#8221;3.25&#8243; custom_padding=&#8221;|||&#8221; custom_padding__hover=&#8221;|||&#8221;][et_pb_image src=&#8221;https:\/\/www.coredevelopment.ro\/wp-content\/uploads\/2020\/09\/20160509_133157.jpg&#8221; title_text=&#8221;20160509_133157&#8243; show_in_lightbox=&#8221;on&#8221; force_fullwidth=&#8221;on&#8221; align_tablet=&#8221;center&#8221; align_phone=&#8221;&#8221; align_last_edited=&#8221;on|desktop&#8221; _builder_version=&#8221;4.6.1&#8243; animation_style=&#8221;zoom&#8221; animation_intensity_zoom=&#8221;10%&#8221;][\/et_pb_image][\/et_pb_column][et_pb_column type=&#8221;1_4&#8243; _builder_version=&#8221;3.25&#8243; custom_padding=&#8221;|||&#8221; custom_padding__hover=&#8221;|||&#8221;][et_pb_image src=&#8221;https:\/\/www.coredevelopment.ro\/wp-content\/uploads\/2020\/09\/feat-re1.jpg&#8221; title_text=&#8221;feat-re1&#8243; show_in_lightbox=&#8221;on&#8221; force_fullwidth=&#8221;on&#8221; align_tablet=&#8221;center&#8221; align_phone=&#8221;&#8221; align_last_edited=&#8221;on|desktop&#8221; _builder_version=&#8221;4.6.1&#8243; custom_margin=&#8221;||-1px|||&#8221; animation_style=&#8221;zoom&#8221; animation_delay=&#8221;100ms&#8221; animation_intensity_zoom=&#8221;10%&#8221; locked=&#8221;off&#8221;][\/et_pb_image][\/et_pb_column][et_pb_column type=&#8221;1_4&#8243; _builder_version=&#8221;3.25&#8243; custom_padding=&#8221;|||&#8221; custom_padding__hover=&#8221;|||&#8221;][et_pb_image src=&#8221;https:\/\/www.coredevelopment.ro\/wp-content\/uploads\/2020\/09\/20160509_132635.jpg&#8221; title_text=&#8221;20160509_132635&#8243; show_in_lightbox=&#8221;on&#8221; force_fullwidth=&#8221;on&#8221; align_tablet=&#8221;center&#8221; align_phone=&#8221;&#8221; align_last_edited=&#8221;on|desktop&#8221; _builder_version=&#8221;4.6.1&#8243; animation_style=&#8221;zoom&#8221; animation_delay=&#8221;200ms&#8221; animation_intensity_zoom=&#8221;10%&#8221; locked=&#8221;off&#8221;][\/et_pb_image][\/et_pb_column][et_pb_column type=&#8221;1_4&#8243; _builder_version=&#8221;3.25&#8243; custom_padding=&#8221;|||&#8221; custom_padding__hover=&#8221;|||&#8221;][et_pb_image src=&#8221;https:\/\/www.coredevelopment.ro\/wp-content\/uploads\/2020\/09\/13891913_1224751364211466_171065975220573262_n.jpg&#8221; title_text=&#8221;13891913_1224751364211466_171065975220573262_n&#8221; show_in_lightbox=&#8221;on&#8221; force_fullwidth=&#8221;on&#8221; align_tablet=&#8221;center&#8221; align_phone=&#8221;&#8221; align_last_edited=&#8221;on|desktop&#8221; _builder_version=&#8221;4.6.1&#8243; animation_style=&#8221;zoom&#8221; animation_delay=&#8221;300ms&#8221; animation_intensity_zoom=&#8221;10%&#8221; locked=&#8221;off&#8221;][\/et_pb_image][\/et_pb_column][\/et_pb_row][\/et_pb_section][et_pb_section fb_built=&#8221;1&#8243; _builder_version=&#8221;4.6.1&#8243; _module_preset=&#8221;default&#8221; custom_padding=&#8221;4px|||||&#8221;][et_pb_row _builder_version=&#8221;4.6.1&#8243; _module_preset=&#8221;default&#8221;][et_pb_column type=&#8221;4_4&#8243; _builder_version=&#8221;4.6.1&#8243; _module_preset=&#8221;default&#8221;][et_pb_text _builder_version=&#8221;4.6.1&#8243; _module_preset=&#8221;default&#8221; text_font=&#8221;Poppins||||||||&#8221; text_text_color=&#8221;#0c71c3&#8243; text_font_size=&#8221;23px&#8221; text_orientation=&#8221;center&#8221;]<\/p>\n<p>\u221a Cub Center Targoviste<\/p>\n<p>[\/et_pb_text][\/et_pb_column][\/et_pb_row][et_pb_row column_structure=&#8221;1_4,1_4,1_4,1_4&#8243; use_custom_gutter=&#8221;on&#8221; gutter_width=&#8221;1&#8243; make_equal=&#8221;on&#8221; admin_label=&#8221;Gallery&#8221; module_class=&#8221; et_pb_row_fullwidth&#8221; _builder_version=&#8221;3.25&#8243; width=&#8221;100%&#8221; width_tablet=&#8221;100%&#8221; width_phone=&#8221;&#8221; width_last_edited=&#8221;on|desktop&#8221; max_width=&#8221;100%&#8221; max_width_tablet=&#8221;100%&#8221; max_width_phone=&#8221;&#8221; max_width_last_edited=&#8221;on|desktop&#8221; custom_margin=&#8221;|auto|-37px|auto||&#8221; custom_padding=&#8221;0px||1px|||&#8221; make_fullwidth=&#8221;on&#8221;][et_pb_column type=&#8221;1_4&#8243; _builder_version=&#8221;3.25&#8243; custom_padding=&#8221;|||&#8221; hover_enabled=&#8221;0&#8243; custom_padding__hover=&#8221;|||&#8221; sticky_enabled=&#8221;0&#8243;][et_pb_image src=&#8221;https:\/\/www.coredevelopment.ro\/wp-content\/uploads\/2020\/10\/FotoDumbrava_02-scaled.jpg&#8221; title_text=&#8221;FotoDumbrava_02&#8243; show_in_lightbox=&#8221;on&#8221; force_fullwidth=&#8221;on&#8221; align_tablet=&#8221;center&#8221; align_phone=&#8221;&#8221; align_last_edited=&#8221;on|desktop&#8221; _builder_version=&#8221;4.6.1&#8243; animation_style=&#8221;zoom&#8221; animation_intensity_zoom=&#8221;10%&#8221;][\/et_pb_image][\/et_pb_column][et_pb_column type=&#8221;1_4&#8243; _builder_version=&#8221;3.25&#8243; custom_padding=&#8221;|||&#8221; custom_padding__hover=&#8221;|||&#8221;][et_pb_image src=&#8221;https:\/\/www.coredevelopment.ro\/wp-content\/uploads\/2020\/10\/FotoDumbrava_03-scaled.jpg&#8221; title_text=&#8221;FotoDumbrava_03&#8243; show_in_lightbox=&#8221;on&#8221; force_fullwidth=&#8221;on&#8221; align_tablet=&#8221;center&#8221; align_phone=&#8221;&#8221; align_last_edited=&#8221;on|desktop&#8221; _builder_version=&#8221;4.6.1&#8243; custom_margin=&#8221;||-1px|||&#8221; animation_style=&#8221;zoom&#8221; animation_delay=&#8221;100ms&#8221; animation_intensity_zoom=&#8221;10%&#8221; hover_enabled=&#8221;0&#8243; locked=&#8221;off&#8221; sticky_enabled=&#8221;0&#8243;][\/et_pb_image][\/et_pb_column][et_pb_column type=&#8221;1_4&#8243; _builder_version=&#8221;3.25&#8243; custom_padding=&#8221;|||&#8221; custom_padding__hover=&#8221;|||&#8221;][et_pb_image src=&#8221;https:\/\/www.coredevelopment.ro\/wp-content\/uploads\/2020\/10\/FotoDumbrava_06-scaled.jpg&#8221; title_text=&#8221;FotoDumbrava_06&#8243; show_in_lightbox=&#8221;on&#8221; force_fullwidth=&#8221;on&#8221; align_tablet=&#8221;center&#8221; align_phone=&#8221;&#8221; align_last_edited=&#8221;on|desktop&#8221; _builder_version=&#8221;4.6.1&#8243; animation_style=&#8221;zoom&#8221; animation_delay=&#8221;200ms&#8221; animation_intensity_zoom=&#8221;10%&#8221; locked=&#8221;off&#8221;][\/et_pb_image][\/et_pb_column][et_pb_column type=&#8221;1_4&#8243; _builder_version=&#8221;3.25&#8243; custom_padding=&#8221;|||&#8221; custom_padding__hover=&#8221;|||&#8221;][et_pb_image src=&#8221;https:\/\/www.coredevelopment.ro\/wp-content\/uploads\/2020\/10\/FotoDumbrava_09-scaled.jpg&#8221; title_text=&#8221;FotoDumbrava_09&#8243; show_in_lightbox=&#8221;on&#8221; force_fullwidth=&#8221;on&#8221; align_tablet=&#8221;center&#8221; align_phone=&#8221;&#8221; align_last_edited=&#8221;on|desktop&#8221; _builder_version=&#8221;4.6.1&#8243; animation_style=&#8221;zoom&#8221; animation_delay=&#8221;300ms&#8221; animation_intensity_zoom=&#8221;10%&#8221; locked=&#8221;off&#8221;][\/et_pb_image][\/et_pb_column][\/et_pb_row][\/et_pb_section][et_pb_section fb_built=&#8221;1&#8243; _builder_version=&#8221;4.6.1&#8243; _module_preset=&#8221;default&#8221;][et_pb_row _builder_version=&#8221;4.6.1&#8243; _module_preset=&#8221;default&#8221;][et_pb_column type=&#8221;4_4&#8243; _builder_version=&#8221;4.6.1&#8243; _module_preset=&#8221;default&#8221;][et_pb_text _builder_version=&#8221;4.6.1&#8243; _module_preset=&#8221;default&#8221; text_font=&#8221;Montserrat|||||on|||&#8221; text_text_color=&#8221;#e09900&#8243; text_font_size=&#8221;37px&#8221; text_text_shadow_style=&#8221;preset2&#8243;]<\/p>\n<p>Proiecte In Derulare<\/p>\n<p>[\/et_pb_text][et_pb_text _builder_version=&#8221;4.6.1&#8243; _module_preset=&#8221;default&#8221; text_font=&#8221;Poppins||||||||&#8221; text_text_color=&#8221;#0c71c3&#8243; text_font_size=&#8221;23px&#8221; text_orientation=&#8221;center&#8221;]<\/p>\n<p>\u221a Retail Class Park<\/p>\n<p>[\/et_pb_text][et_pb_text _builder_version=&#8221;4.6.1&#8243; _module_preset=&#8221;default&#8221; text_font=&#8221;Poppins||||||||&#8221; text_text_color=&#8221;#0c71c3&#8243; text_font_size=&#8221;23px&#8221; text_orientation=&#8221;center&#8221;]<\/p>\n<p>\u221a CubCenter Campulung<\/p>\n<p>[\/et_pb_text][\/et_pb_column][\/et_pb_row][et_pb_row column_structure=&#8221;1_4,1_4,1_4,1_4&#8243; use_custom_gutter=&#8221;on&#8221; gutter_width=&#8221;1&#8243; make_equal=&#8221;on&#8221; admin_label=&#8221;Gallery&#8221; module_class=&#8221; et_pb_row_fullwidth&#8221; _builder_version=&#8221;3.25&#8243; width=&#8221;100%&#8221; width_tablet=&#8221;100%&#8221; width_phone=&#8221;&#8221; width_last_edited=&#8221;on|desktop&#8221; max_width=&#8221;100%&#8221; max_width_tablet=&#8221;100%&#8221; max_width_phone=&#8221;&#8221; max_width_last_edited=&#8221;on|desktop&#8221; custom_margin=&#8221;|auto|-37px|auto||&#8221; custom_padding=&#8221;0px||1px|||&#8221; make_fullwidth=&#8221;on&#8221;][et_pb_column type=&#8221;1_4&#8243; _builder_version=&#8221;3.25&#8243; custom_padding=&#8221;|||&#8221; hover_enabled=&#8221;0&#8243; custom_padding__hover=&#8221;|||&#8221; sticky_enabled=&#8221;0&#8243;][et_pb_image title_text=&#8221;FotoDumbrava_02&#8243; show_in_lightbox=&#8221;on&#8221; force_fullwidth=&#8221;on&#8221; align_tablet=&#8221;center&#8221; align_phone=&#8221;&#8221; align_last_edited=&#8221;on|desktop&#8221; _builder_version=&#8221;4.6.1&#8243; animation_style=&#8221;zoom&#8221; animation_intensity_zoom=&#8221;10%&#8221; hover_enabled=&#8221;0&#8243; sticky_enabled=&#8221;0&#8243;][\/et_pb_image][\/et_pb_column][et_pb_column type=&#8221;1_4&#8243; _builder_version=&#8221;3.25&#8243; custom_padding=&#8221;|||&#8221; custom_padding__hover=&#8221;|||&#8221;][et_pb_image src=&#8221;http:\/\/www.coredevelopment.ro\/wp-content\/uploads\/2020\/10\/coredevelopmentpoza1.jpg&#8221; title_text=&#8221;coredevelopmentpoza1&#8243; show_in_lightbox=&#8221;on&#8221; force_fullwidth=&#8221;on&#8221; align_tablet=&#8221;center&#8221; align_phone=&#8221;&#8221; align_last_edited=&#8221;on|desktop&#8221; _builder_version=&#8221;4.6.1&#8243; custom_margin=&#8221;||-1px|||&#8221; animation_style=&#8221;zoom&#8221; animation_delay=&#8221;100ms&#8221; animation_intensity_zoom=&#8221;10%&#8221; hover_enabled=&#8221;0&#8243; locked=&#8221;off&#8221; sticky_enabled=&#8221;0&#8243;][\/et_pb_image][\/et_pb_column][et_pb_column type=&#8221;1_4&#8243; _builder_version=&#8221;3.25&#8243; custom_padding=&#8221;|||&#8221; custom_padding__hover=&#8221;|||&#8221;][et_pb_image src=&#8221;http:\/\/www.coredevelopment.ro\/wp-content\/uploads\/2020\/10\/coredevelopmentpoza3.jpg&#8221; title_text=&#8221;coredevelopmentpoza3&#8243; show_in_lightbox=&#8221;on&#8221; force_fullwidth=&#8221;on&#8221; align_tablet=&#8221;center&#8221; align_phone=&#8221;&#8221; align_last_edited=&#8221;on|desktop&#8221; _builder_version=&#8221;4.6.1&#8243; animation_style=&#8221;zoom&#8221; animation_delay=&#8221;200ms&#8221; animation_intensity_zoom=&#8221;10%&#8221; hover_enabled=&#8221;0&#8243; locked=&#8221;off&#8221; sticky_enabled=&#8221;0&#8243;][\/et_pb_image][\/et_pb_column][et_pb_column type=&#8221;1_4&#8243; _builder_version=&#8221;3.25&#8243; custom_padding=&#8221;|||&#8221; custom_padding__hover=&#8221;|||&#8221;][et_pb_image title_text=&#8221;cropped-fav256&#8243; show_in_lightbox=&#8221;on&#8221; force_fullwidth=&#8221;on&#8221; align_tablet=&#8221;center&#8221; align_phone=&#8221;&#8221; align_last_edited=&#8221;on|desktop&#8221; _builder_version=&#8221;4.6.1&#8243; animation_style=&#8221;zoom&#8221; animation_delay=&#8221;300ms&#8221; animation_intensity_zoom=&#8221;10%&#8221; hover_enabled=&#8221;0&#8243; locked=&#8221;off&#8221; sticky_enabled=&#8221;0&#8243;][\/et_pb_image][\/et_pb_column][\/et_pb_row][\/et_pb_section][et_pb_section fb_built=&#8221;1&#8243; _builder_version=&#8221;4.6.1&#8243; _module_preset=&#8221;default&#8221; custom_padding=&#8221;0px|||||&#8221;][et_pb_row _builder_version=&#8221;4.6.1&#8243; _module_preset=&#8221;default&#8221;][et_pb_column type=&#8221;4_4&#8243; _builder_version=&#8221;4.6.1&#8243; _module_preset=&#8221;default&#8221;][et_pb_text _builder_version=&#8221;4.6.1&#8243; _module_preset=&#8221;default&#8221; text_font=&#8221;Montserrat|||||on|||&#8221; text_text_color=&#8221;#e09900&#8243; text_font_size=&#8221;37px&#8221; text_text_shadow_style=&#8221;preset2&#8243;]<\/p>\n<p>Parteneri<\/p>\n<p>[\/et_pb_text][\/et_pb_column][\/et_pb_row][et_pb_row _builder_version=&#8221;4.6.1&#8243; _module_preset=&#8221;default&#8221;][et_pb_column type=&#8221;4_4&#8243; _builder_version=&#8221;4.6.1&#8243; _module_preset=&#8221;default&#8221;][et_pb_code _builder_version=&#8221;4.6.1&#8243; _module_preset=&#8221;default&#8221;]<style type=\"text\/css\">div#logo-carousel-free-30408.logo-carousel-free .wpl-logo:hover{\n\t\t\t\t\tborder: 1px solid #16a08b;\n\t\t\t\t}div#logo-carousel-free-30408.logo-carousel-free.logo-carousel-free-free-area ul.slick-dots li button{\n\t\t\t\t\tbackground-color: #ddd; \n\t\t\t\t}\n\t\t\t\tdiv#logo-carousel-free-30408.logo-carousel-free.logo-carousel-free-free-area ul.slick-dots li.slick-active button{background-color: #16a08b; }\n\t\t\t\tdiv#logo-carousel-free-30408.logo-carousel-free.logo-carousel-free-free-area .slick-prev,\n\t\t\t\tdiv#logo-carousel-free-30408.logo-carousel-free.logo-carousel-free-free-area .slick-next {\n\t\t\t\t\tcolor: #afafaf;\n\t\t\t\t}\n\t\t\t\tdiv#logo-carousel-free-30408.logo-carousel-free.logo-carousel-free-free-area .slick-prev:hover,\n\t\t\t\tdiv#logo-carousel-free-30408.logo-carousel-free.logo-carousel-free-free-area .slick-next:hover{\n\t\t\t\t\tbackground-color: #16a08b;\n\t\t\t\t\tcolor: #fff;\n\t\t\t\t}<\/style><div id='logo-carousel-free-30408' class=\"logo-carousel-free logo-carousel-free-free-area\"><div id=\"splc-wrapper-1\" class=\"splc-wrapper\" data-slick='{ \"arrows\":true, \"autoplay\":true, \"autoplaySpeed\":3000, \"dots\":true, \"infinite\":true, \"speed\":450, \"pauseOnHover\":true, \"slidesToScroll\":1, \"slidesToShow\":4, \"responsive\":[ { \"breakpoint\":1280, \"settings\": { \"slidesToShow\":5 } }, { \"breakpoint\":980, \"settings\":{ \"slidesToShow\":4 } }, { \"breakpoint\":736, \"settings\": { \"slidesToShow\":3 } }, {\"breakpoint\":480, \"settings\":{ \"slidesToShow\":2 } } ], \"rtl\":false, \"swipe\": true, \"draggable\": true }'><div class=\"wpl-logo\"><img src=\"https:\/\/www.coredevelopment.ro\/wp-content\/uploads\/2020\/09\/1024px-Vodafone_2017_logo.svg_.png\" alt=\"Vodafone\" \/><\/div><div class=\"wpl-logo\"><img src=\"https:\/\/www.coredevelopment.ro\/wp-content\/uploads\/2020\/09\/logo.png\" alt=\"Flanco\" \/><\/div><div class=\"wpl-logo\"><img src=\"https:\/\/www.coredevelopment.ro\/wp-content\/uploads\/2020\/09\/noriel_logo_1024x.png\" alt=\"Noriel\" \/><\/div><div class=\"wpl-logo\"><img src=\"https:\/\/www.coredevelopment.ro\/wp-content\/uploads\/2020\/09\/KiK-Logo.svg_-1024x1024.png\" alt=\"Kik\" \/><\/div><div class=\"wpl-logo\"><img src=\"https:\/\/www.coredevelopment.ro\/wp-content\/uploads\/2020\/09\/1200px-Logo_Mega_Image.svg_-1024x1024.png\" alt=\"Mega Image\" \/><\/div><div class=\"wpl-logo\"><img src=\"https:\/\/www.coredevelopment.ro\/wp-content\/uploads\/2020\/09\/download-1.png\" alt=\"ZEKA FASHION\" \/><\/div><div class=\"wpl-logo\"><img src=\"https:\/\/www.coredevelopment.ro\/wp-content\/uploads\/2020\/09\/1280px-Dm_Logo.svg_-1024x678.png\" alt=\"DM\" \/><\/div><div class=\"wpl-logo\"><img src=\"https:\/\/www.coredevelopment.ro\/wp-content\/uploads\/2020\/09\/download.png\" alt=\"Carrefour\" \/><\/div><div class=\"wpl-logo\"><img src=\"https:\/\/www.coredevelopment.ro\/wp-content\/uploads\/2020\/09\/Logo-ClassPark_-MAIL_mic.png\" alt=\"Classpark\" \/><\/div><\/div><\/div>[\/et_pb_code][\/et_pb_column][\/et_pb_row][\/et_pb_section]<\/p>\n","protected":false},"excerpt":{"rendered":"<p>[et_pb_section fb_built=&#8221;1&#8243; admin_label=&#8221;3 Cards Features&#8221; _builder_version=&#8221;4.6.1&#8243; background_color=&#8221;#ffffff&#8221; custom_margin=&#8221;||-2px|||&#8221; custom_padding=&#8221;100px|0px|112px|0px||&#8221;][et_pb_row column_structure=&#8221;1_2,1_2&#8243; admin_label=&#8221;Sending Payments&#8221; _builder_version=&#8221;3.25&#8243; custom_margin=&#8221;|||&#8221;][et_pb_column type=&#8221;1_2&#8243; _builder_version=&#8221;3.25&#8243; custom_padding=&#8221;|||&#8221; custom_padding__hover=&#8221;|||&#8221;][et_pb_image src=&#8221;https:\/\/www.coredevelopment.ro\/wp-content\/uploads\/2020\/09\/cropped-fav256-1.png&#8221; title_text=&#8221;cropped-fav256&#8243; align=&#8221;center&#8221; align_tablet=&#8221;center&#8221; align_phone=&#8221;&#8221; align_last_edited=&#8221;on|desktop&#8221; _builder_version=&#8221;4.6.1&#8243; animation_style=&#8221;slide&#8221; animation_direction=&#8221;bottom&#8221; animation_intensity_slide=&#8221;10%&#8221;][\/et_pb_image][\/et_pb_column][et_pb_column type=&#8221;1_2&#8243; _builder_version=&#8221;3.25&#8243; custom_padding=&#8221;|||&#8221; custom_padding__hover=&#8221;|||&#8221;][et_pb_text _builder_version=&#8221;4.6.1&#8243; text_font=&#8221;Poppins||||||||&#8221; text_text_color=&#8221;#0c71c3&#8243; text_font_size=&#8221;15px&#8221; text_line_height=&#8221;1.8em&#8221; header_font=&#8221;Poppins||||||||&#8221; header_2_font=&#8221;Poppins|500|||||||&#8221; header_2_text_color=&#8221;#e09900&#8243; header_2_font_size=&#8221;34px&#8221; header_2_line_height=&#8221;1.3em&#8221; header_3_font=&#8221;||||||||&#8221; header_4_font=&#8221;||||||||&#8221;] Te punem \u00een leg\u0103tur\u0103 cu partenerii no\u0219tri: Dezvoltatori\/Chiria\u0219i; Furnizori de servicii [&hellip;]<\/p>\n","protected":false},"author":1,"featured_media":0,"parent":0,"menu_order":0,"comment_status":"closed","ping_status":"closed","template":"","meta":{"_et_pb_use_builder":"on","_et_pb_old_content":"<!-- wp:divi\/placeholder \/-->","_et_gb_content_width":""},"_links":{"self":[{"href":"https:\/\/www.coredevelopment.ro\/index.php\/wp-json\/wp\/v2\/pages\/21"}],"collection":[{"href":"https:\/\/www.coredevelopment.ro\/index.php\/wp-json\/wp\/v2\/pages"}],"about":[{"href":"https:\/\/www.coredevelopment.ro\/index.php\/wp-json\/wp\/v2\/types\/page"}],"author":[{"embeddable":true,"href":"https:\/\/www.coredevelopment.ro\/index.php\/wp-json\/wp\/v2\/users\/1"}],"replies":[{"embeddable":true,"href":"https:\/\/www.coredevelopment.ro\/index.php\/wp-json\/wp\/v2\/comments?post=21"}],"version-history":[{"count":66,"href":"https:\/\/www.coredevelopment.ro\/index.php\/wp-json\/wp\/v2\/pages\/21\/revisions"}],"predecessor-version":[{"id":30500,"href":"https:\/\/www.coredevelopment.ro\/index.php\/wp-json\/wp\/v2\/pages\/21\/revisions\/30500"}],"wp:attachment":[{"href":"https:\/\/www.coredevelopment.ro\/index.php\/wp-json\/wp\/v2\/media?parent=21"}],"curies":[{"name":"wp","href":"https:\/\/api.w.org\/{rel}","templated":true}]}}